t a be -3*(0 - (-4)/(-3)). Suppose -10 = -a*q + 6*q. Let g(y) = -6*y**2 - 10*y - 7. Let p(k) = -5*k**2 - 9*k - 7. Let w(n) = 4*g(n) - 5*p(n). Determine w(q).
7
Let i(q) = -4*q + 55. Let y be i(14). Let v(u) = 3*u - 1. Give v(y).
-4
Let u(s) be the third derivative of -s**8/20160 + s**7/1680 - s**6/720 - 2*s**5/15 - 3*s**2. Let w(n) be the third derivative of u(n). Determine w(4).
-5
Let x(m) = 193 - 198 - m - 2*m. Give x(-5).
10
Suppose -2*x = -4*c - 26 + 2, 5*c + 35 = 5*x. Let g(z) = -z - z**x - 2 - 8 + 0. Calculate g(0).
-10
Let q(n) = -n**3 - 5*n - 3*n**2 + 0*n**3 - 3 - 2*n**2. Let g(y) = 4*y. Let f be g(2). Let z be (f/(-16))/((-2)/(-12)). Determine q(z).
-6
Let c(b) = -1. Let o(r) = r + 5. Let t(w) = -6*c(w) - o(w). Calculate t(-3).
4
Let y(n) = n**3 + 8*n**2 - n - 1. Suppose 0 = q - 4*w - 12, q + 4*q + 25 = 3*w. Determine y(q).
7
Let v(b) = -b**2 + 7*b - 5. Let j be (-1 + 6)*(-36)/(-60). Suppose j*o = -2*o + 30. What is v(o)?
1
Let k(g) be the third derivative of 7/30*g**5 + 0 - 4*g**2 - 1/6*g**3 + 0*g + 1/12*g**4. Calculate k(1).
15
Let m(g) = 5 + 3*g - 4*g - 2*g + 0*g. Let l(h) = -2*h + 2. Let a(o) = 5*l(o) - 3*m(o). Give a(-3).
-2
Suppose 9 = 5*t + 2*v, 0 = -5*v - 19 + 4. Let r(b) = -b**2 + b - 4. Calculate r(t).
-10
Let t(v) = v**3 + 9*v**2 - 11*v - 3. Let s(k) = -k**2 - 10. Let n be s(0). Let r be t(n). Let i(a) = a + 1. Give i(r).
8
Let v(k) = 3*k - 2. Let f(t) = -5*t + 4. Let j(d) = -6*f(d) - 11*v(d). Calculate j(-4).
10
Let s = -6 + 8. Let c(d) = 2 + d + 0*d - s*d. Calculate c(3).
-1
Let v(z) = -z**2 + z + 2*z**2 - 2 - 3*z**2 + 2*z. Calculate v(2).
-4
Let y(g) = -g**3 + 8*g**2 + 8*g + 12. Let n be y(9). Let r(h) = h - 4. Calculate r(n).
-1
Let t = 0 - 5. Let r be 69/15 - 2/t. Suppose -r = -p, 2*j - 5*j + p + 7 = 0. Let w(i) = i**2 - 4*i + 1. What is w(j)?
1
Let s(b) = b**2 - 1. Let c(h) = -17*h**2 + 15*h - 9. Let v(x) = 6*x**2 - 5*x + 3. Let n(w) = -3*c(w) - 8*v(w). Let u(z) = n(z) - 2*s(z). What is u(5)?
5
Let a(j) = -j**2 - j + 8. Let v(x) = x**2 + 2*x - 7. Let n(h) = 6*a(h) + 7*v(h). What is n(-7)?
-8
Suppose 0 = -q - 4*q - 10. Let i(n) = -n**2 - 4*n - 3. Let x be i(q). Let j(h) = 6*h**2 - 1. What is j(x)?
5
Let i(l) = -9 + 4*l - 3*l + 21 - 10. Calculate i(5).
7
Suppose 0*v + v = -18. Let n = v + 26. Let y(z) = -z**3 + 8*z**2 + z - 7. Let r be y(n). Let c(d) = 9*d**3 - d + 1. Calculate c(r).
9
Let j(k) be the second derivative of k**3/2 - 3*k**2 - 7*k. Give j(4).
6
Let f(y) = -2*y - 2. Let a(b) = b**3 + 9*b**2 + 7*b - 6. Let k(s) = -s**2 + s - 2. Let x be k(-2). Let l be a(x). Let p be 2*(l/4 - -1). What is f(p)?
-8
Let y(r) = 15*r**3 - 23*r**2 + 2*r - 9. Let u(c) = 7*c**3 - 11*c**2 + c - 4. Let x(j) = 13*u(j) - 6*y(j). Calculate x(5).
7
Suppose 0 = 4*p + 1 - 9. Let q(y) = y**2 + 2*y - 1. Let s(h) = -h - 8. Let o be s(-4). Let m(d) = d**2 + d - 1. Let r(v) = o*m(v) + 3*q(v). Determine r(p).
1
Let v = 0 - -3. Let r = v - 1. Let u(b) = 2 + b - 6 - 5*b + r - 3*b**2 + b**3. Calculate u(4).
-2
Let l(u) be the first derivative of u**2 - 7/3*u**3 + u - 3. Give l(-1).
-8
Let y(j) = j**2 + 4*j. Let h(k) be the first derivative of -1/3*k**3 + 3*k - 1 + k**2. Let x be h(-2). What is y(x)?
5
Let s(d) = -d**2 + 3*d + 1. Let q(m) = -3*m**2 + 8*m + 3. Let x(o) = -2*q(o) + 7*s(o). Suppose 0*t - 4*t = -24. Give x(t).
-5
Let z(c) be the third derivative of -c**3 + 0 - 1/60*c**5 + 0*c - 1/4*c**4 + 3*c**2. Calculate z(-6).
-6
Let z(h) = -2*h + h - h. What is z(2)?
-4
Let p(a) = -a**3 + 3*a**2 - a - 3. Let q = 8 + -5. Calculate p(q).
-6
Let f(a) = a**3 - 3*a**2 + a + 2. Suppose w - 4*w + 6 = 0. Suppose w = -2*k - 6. Let b = -2 - k. Calculate f(b).
0
Suppose 0 = -5*o + r + 2, -r + 1 = -2*o - 0*r. Let h(a) = -6*a**3 + a + 1 + 0*a**2 - 2*a + a**2. Let b be h(o). Let m(j) = j**2 + 3*j - 6. Give m(b).
4
Let k(l) = -l**2 + 5*l - 1. Let b = 5 - 9. Suppose 2 = t - 4. Let x be 20/t + b/(-6). Give k(x).
3
Let g(x) = -x + x**3 - 2*x + 6*x + 6*x**2 - x**2. Let d be (-7 - -3) + 1 + 0. What is g(d)?
9
Let z(h) = -23*h**3 + 3*h**2 - 1. Let j be z(1). Let p = j - -27. Let c(l) = -l**2 + 6*l - 2. Determine c(p).
-2
Let d(t) be the second derivative of t**4/12 + t**3/2 - 5*t**2/2 + 4*t. Give d(-5).
5
Let n(q) = q**3 - 4*q**2 - 5*q - 1. Let w(k) = -4*k - 3*k**2 - 4*k**2 + 2*k**2 + 5 + 4*k**2. Let t be w(-4). Determine n(t).
-1
Let h(d) = d - 494 + 494. Determine h(-1).
-1
Let u be (8 - 11)*(-4)/3. Let y(d) be the second derivative of d**4/12 - d**3 + 5*d**2/2 + d. Calculate y(u).
-3
Let x(h) be the first derivative of 1 - h - 13/2*h**2. Calculate x(-1).
12
Suppose v = 6*v. Let r(y) be the first derivative of y**4/4 - y**3/3 - y**2/2 + 6*y - 5. Give r(v).
6
Let o(h) be the second derivative of -h**8/6720 - h**7/420 - h**6/144 - h**4/3 + 2*h. Let m(t) be the third derivative of o(t). What is m(-5)?
0
Let i(f) = 10*f**2 - 2*f + 6. Let u(k) = -9*k**2 + 2*k - 5. Let r(t) = 4*i(t) + 5*u(t). Let d(c) = -c - 6. Let z be d(-7). Give r(z).
-4
Let g(j) = 4*j**3 - 2*j**2 + 2. Let q(k) = -3*k**2 + 20*k + 9. Let m be q(7). What is g(m)?
26
Let n(i) = -2*i - 5. Let t be n(0). Let o(g) = g**2 + 2*g - 6. What is o(t)?
9
Let d(y) be the first derivative of 3 + 1/2*y**2 - y. Determine d(5).
4
Let l = 9 + -10. Let a(d) = 2*d - d**3 + 0*d - 89*d**2 - 3*d - 1 + 88*d**2. Calculate a(l).
0
Let u(b) = b. Let c(w) = 5*w - 6. Let v(r) = c(r) - 4*u(r). Let s(h) = -h + 8. Let o be s(4). Calculate v(o).
-2
Let r(p) = -2*p + 4. Let c(m) = -m + 2. Let n(j) = -7*c(j) + 3*r(j). What is n(2)?
0
Let p(v) be the first derivative of 1/3*v**3 - 3/2*v**2 - v + 4. Give p(3).
-1
Let y(c) = 2*c**2 + 3*c - 3*c**2 - 2*c**3 + c**3. Suppose -4*m + d - 48 = 0, 0*m + 60 = -5*m + 5*d. Let q = m - -9. Determine y(q).
9
Let i(m) be the third derivative of -m**4/24 + 2*m**2. Suppose u - 5*u = 0. What is i(u)?
0
Let t(i) = i**3 + 4*i**2 - 6*i - 6. Let l(c) = c**3 + 4*c**2 - 6*c - 7. Let u = -7 + 13. Let j(w) = u*l(w) - 7*t(w). Calculate j(-5).
-5
Let f(k) = -2*k - 4. Let i be f(-3). Let m(y) be the second derivative of 0 - 1/12*y**4 + 7/6*y**3 - 2*y**2 + i*y. Calculate m(6).
2
Let j(l) = 5*l - 14. Let h(r) = -12*r + 28. Let w(v) = 3*h(v) + 7*j(v). What is w(0)?
-14
Let t(u) = 6*u**2 + 20*u - 31. Let k(x) = x**2 + 4*x - 6. Let p(v) = 11*k(v) - 2*t(v). Calculate p(6).
-16
Let n(y) = -1 - 3*y + 2 + 0*y - 3. What is n(-6)?
16
Let d(l) = -7*l + 8. Suppose 4*c = 2*c - 12. Let h = -1 + 14. Let o(n) = -15*n + 17. Let j(w) = c*o(w) + h*d(w). Calculate j(-2).
4
Let b(f) be the second derivative of f**4/4 - 10*f. Let k(s) = s**2 - 4*s + 1. Let o be k(4). Determine b(o).
3
Let n(y) = y**2 - 4*y - 5. Suppose -2*v + 18 = 2*x, 3*v + 4*x - 29 = -x. Suppose v*i - 4*i - 24 = 0. Give n(i).
7
Let i(p) = -p**3 + 20 - 10 - p**2 - 9 + 0*p**3. Calculate i(0).
1
Suppose 3 = -4*v - 5. Let q be 3 - (v + 0 - 1). Let n(h) be the second derivative of h**4/12 - h**3 + 5*h**2/2 + h. Give n(q).
5
Suppose 0 = -g - b + 4*b + 21, 5*b + 25 = 0. Let r(j) be the first derivative of -j**3/3 + 7*j**2/2 + 6*j + 97. What is r(g)?
12
Suppose 3*s + 3 - 15 = 0. Let g(f) = -f + 4. Give g(s).
0
Let k(h) be the first derivative of -5*h + 1/2*h**2 - 6. Calculate k(-5).
-10
Let m(o) = 4*o**3 + 2*o + 1. Suppose -13*k - 5 = -8*k. Determine m(k).
-5
Let h be (-3)/2*(0 + -2). Let b(k) = -k**2 + 2*k**2 - 5 - 8*k + k**2 - h*k**2. Determine b(-6).
7
Suppose 0 = 4*g - 9*g. Let u(h) be the third derivative of -h**2 + 2/3*h**3 + g*h + 0 - 1/8*h**4. Give u(3).
-5
Let j(l) be the first derivative of -l**4/2 - 2*l**3/3 + l**2/2 + l - 14. Calculate j(-2).
7
Suppose -4*p = 5*j + 26, -p = 2*j - 2 + 10. Let t(f) = -f + 2. Let n(y) = -2*y + 1. Let a(q) = 3*n(q) - 4*t(q). Determine a(p).
3
Let m(a) = -5*a + 6*a - a - 1 + a. Determine m(-6).
-7
Let j(k) = k**3 + 5*k**2 - k - 4. Suppose -2*t = 2*t - 32. Let g = t + -5. Suppose 5*i = 4*q - 5, 0 = g*i - q + 4*q + 30. Give j(i).
1
Let v(f) = -f**2 + 7*f - 6. Let l(q) = -7*q**2 + 0*q**2 + 2 - 2*q**3 - 2*q + 3*q**2. Let k be l(-2). Determine v(k).
0
Suppose 0*j + 4*j - 16 = 0. Let h be 16/10 + j/10. Let t(k) = k + 0*k**3 + h*k**3 - 3*k**3 + 5 - 5*k**2. Determine t(-5).
0
Let q(g) = 7*g**2 - 14*g + 3. Suppose -4 = -h - 3. Let a(p) = -p**2 + p + 1. Let v(l) = h*q(l) + 6*a(l). Calculate v(7).
2
Suppose -5*f = -2*f + 12. Let z(w) be the first 